factors of ((-4)/(-12))/(2/1074).
179
Let q be -3 + -5 + (5 - -1). List the prime factors of ((-7)/((-245)/812))/(q/(-5)).
2, 29
Let a = -50 - -582. List the prime factors of a.
2, 7, 19
Let t(n) = 7*n - 8 + 1 - 10 - 4. List the prime factors of t(8).
5, 7
Let o be (-8446)/(-18) + 4/(-18). Let c = o + -316. What are the prime factors of c?
3, 17
Let q = -99 - -102. Let w be 83 + 1*(2 + -3). Suppose 0*j = 4*c - q*j - 61, 3*c + 5*j = w. List the prime factors of c.
19
Let m(l) = -l**2 + 3*l + 23. Let z be m(0). Suppose 18*q + 1115 = z*q. List the prime factors of q.
223
Suppose 122*q = 116*q + 5208. List the prime factors of q.
2, 7, 31
Let c(w) = 2*w**2 - 5*w + 2. Let j(s) = s**2 - 2*s - 7. Let r be j(5). Let y be c(r). Suppose 5*f = i + y, -4*f = -5*i + 9 - 60. List the prime factors of f.
19
Let t be 8 - (-3)/3 - -3. Let p = t + -12. Let f = p - -25. What are the prime factors of f?
5
List the prime factors of (-33775)/(-140) + (-2)/8.
241
Let l be (-1*1)/(283/(-141) - -2). Let k = l - 81. List the prime factors of k.
2, 3, 5
Let y(a) = a**3 - 4*a**2 - 23*a - 6. Let r be y(-9). Let c be 12/(-60) - r/10. Suppose 6*m - c = 83. What are the prime factors of m?
2, 7
Suppose -181843 - 390337 = -122*i. List the prime factors of i.
2, 5, 7, 67
Suppose -x = -3 - 2. Suppose 2*l - 15 = -3*l - 2*k, 2*l + x*k = 6. Let u(s) = 2*s**3 + s**2 - 6*s - 3. What are the prime factors of u(l)?
2, 3, 7
Suppose 5*z = -2*p - 2*p + 50, 0 = 4*z + 3*p - 39. Suppose 3*j + k = 111, 0*k + z = 2*k. What are the prime factors of j?
2, 3
List the prime factors of (-3 - 0)*(-1 - 80).
3
Let a be ((-49)/(1 + 0))/(-1). Let p = 178 + -173. Suppose a + 1 = p*c. What are the prime factors of c?
2, 5
Suppose -15*c - 24 = -21*c. Let a be 128/2 + 2*-1. Suppose c*n = 2 + a. List the prime factors of n.
2
Suppose 24*g - 74349 = 61275. What are the prime factors of g?
5651
Let t = 736 + 1884. List the prime factors of t.
2, 5, 131
Let p be -2 + 1 + 96/4. Suppose 4*f = 2*x + 22, 0*x + p = 3*f + 5*x. List the prime factors of f.
2, 3
Let q be 9 + (-2)/1 + 1. Suppose 2*t + q - 264 = 0. List the prime factors of t.
2
List the prime factors of 2/8 + 0 + 3369/12.
281
List the prime factors of 24/4 + -2*(-10482)/12.
1753
Suppose -2*d + 4*v = -9104, -2*d + 98*v = 96*v - 9098. List the prime factors of d.
2, 2273
Let w(y) = y**3 + 40*y**2 + 9*y - 307. List the prime factors of w(-36).
29, 157
Suppose -6 = 4*z + 2, v = 4*z + 214. Suppose -3*s + 5*c + 197 = 0, -5*s - 4*c + 184 + v = 0. What are the prime factors of s?
2, 37
Let a(b) = -4*b - 7. Suppose 3*h - 4*l = -0*l - 26, 19 = -2*h + 3*l. Let u = -4 + h. What are the prime factors of a(u)?
17
Let t = 12 - 11. Let l be 1/t - (3 - 4). Let z = l + 1. List the prime factors of z.
3
Suppose -90*c = -83*c - 5537. List the prime factors of c.
7, 113
Let g(k) = -3 + 5 - 16 + 3*k. Let x(w) = w**2 + 17*w - 127. Let p be x(-23). What are the prime factors of g(p)?
19
List the prime factors of 99295/28*8/10.
2837
Suppose r = -17 + 21. Suppose -m = 5*f - 102, r*f = 3*m + 82 - 293. What are the prime factors of m?
7, 11
Let z(i) = -3*i**3 + 47*i**2 - 14*i - 20. List the prime factors of z(15).
2, 5, 11
Let z(k) be the third derivative of k**5/60 + k**4/2 - 11*k**3/6 + 15*k**2. What are the prime factors of z(7)?
2, 61
Let d be 0 - -3 - (-10)/2. Let n be (-30)/8*d/(-3). Let q = -6 + n. List the prime factors of q.
2
Suppose 4*u - 3341 = -4*m + 9*u, 0 = 5*u + 5. List the prime factors of m.
2, 3, 139
Let j = -12 - -14. Let f(c) = 3*c**3 + 2*c**2 - 3*c + 3. What are the prime factors of f(j)?
29
Let y(j) = j**3 - 6*j**2 - 3*j + 18. Let k be y(5). List the prime factors of (5 - k)*(-17)/(-3)*1.
3, 17
Let r(j) = 6*j - 11. Let k = -4 - -12. Let u be r(k). Let i = u - 1. What are the prime factors of i?
2, 3
Let q = -14 + 7. Let h(n) = -5*n + 3*n - 4*n + 12. List the prime factors of h(q).
2, 3
Suppose -19548 = -42*h + 15*h. List the prime factors of h.
2, 181
Suppose 3*v = 5*s - s + 63, 11 = -3*s - 5*v. Let t be (s/15)/((-1)/5). Suppose -98 = t*o - 242. List the prime factors of o.
2, 3
Let r(c) = -1 - 256*c**3 - 2*c**2 + c + 5*c**2 + 255*c**3 + c**2. Suppose -4*j = -3*f - 7, 3 + 2 = -5*f + 5*j. What are the prime factors of r(f)?
11
Let s(t) = -2*t**3 - 244*t - 12 + 252*t + 3*t**3 + 8*t**2. List the prime factors of s(-6).
2, 3
Suppose -3*j = -4*g - 15 + 1, 0 = -3*j - g + 4. Let q be 155 + (0 - j/(-1)). Suppose 0 = -o - 4*y + 36, -q = -5*o - 2*y + 5*y. What are the prime factors of o?
2
Let l = -36 - -23. Suppose 0 = 15*a - 11 - 229. Let u = l + a. List the prime factors of u.
3
Suppose n + 3 = 7. List the prime factors of 2 - ((-224)/4)/n.
2
Let h = -16 + 16. Let v = 2 + 0. Suppose -v*x = -h*x - 46. List the prime factors of x.
23
Suppose -5*z + 4485 = -135. Suppose 8*s = s + z. What are the prime factors of s?
2, 3, 11
Let l(p) = p**2 + p - 39. List the prime factors of l(16).
233
List the prime factors of (7050/(-16))/(-3) + 64/512.
3, 7
Suppose -3*b + 452 = -12*p + 16*p, 4*p - 452 = 2*b. What are the prime factors of p?
113
Let t(v) = v**3 - 4*v**2 - 13*v - 10. Let r(z) = -z**3 + 3*z**2 + 14*z + 9. Let y(w) = -4*r(w) - 5*t(w). List the prime factors of y(7).
2, 3, 7
Suppose -4*f = -2*p + p - 5, 5*p = 2*f + 47. List the prime factors of 6698/187 - (-2)/p.
2, 3
Suppose 4*i + 16 = 0, -i = 5*p + 24 - 85. List the prime factors of p.
13
Let a(d) = d + 10. Let w be ((-4)/(-10))/((-10)/200). Let f be a(w). Suppose f*k - 8 = 0, r + 2*r + 3*k - 102 = 0. List the prime factors of r.
2, 3, 5
What are the prime factors of (-8)/20 - 5214/(-10) - -2?
523
Suppose p + 0 - 7 = 0. Suppose 315 = -0*o + p*o. List the prime factors of o.
3, 5
Suppose -2905 + 679 = -7*i. What are the prime factors of i?
2, 3, 53
Suppose -3*q = -2*s + 10, -4*q + 1 = -5*s + 12. List the prime factors of (-170)/q*(6 + 0).
3, 5, 17
Let k(x) = -x**2 - 9*x - 10. Let c be k(-7). Suppose 4*r + w - 299 = -0*w, c*r - 2*w - 290 = 0. What are the prime factors of r?
2, 37
What are the prime factors of 285 - (3/2)/(42/140)?
2, 5, 7
Let l(w) = 4*w**3 + 2*w**2 - 10*w - 36. What are the prime factors of l(7)?
2, 11, 31
Suppose -3*j - 40 = 2*j. Let k = j + 12. Suppose w + 3*a = 14, w - 54 = a + k*a. What are the prime factors of w?
29
Let w be 3/((-12)/(-172)) - 3. Let m = -2 + w. What are the prime factors of m?
2, 19
Let l = 216 + -128. Suppose -g + 54 = a - 4*g, 2*a - 2*g = l. What are the prime factors of a?
3, 13
Suppose 459 - 65 = 2*z. What are the prime factors of z/13 + -2 - 8/52?
13
Let g be ((-6)/16)/((-12)/96) - 1. Suppose -5*q = 2 + 48. List the prime factors of (g - q/(-6))*75.
5
Suppose 6*q - 11*q = -190. List the prime factors of ((-19)/(q/(-180)))/(-1 + 2).
2, 3, 5
Suppose -2*a + 14 - 32 = 0. List the prime factors of a*-55*(-2)/(-6) - -1.
2, 83
Suppose 5*l = 9*l - 412. What are the prime factors of l?
103
Suppose -51*y + 7460 = -41*y. What are the prime factors of y?
2, 373
Suppose 0 = -2*g + s + 505 + 474, -3*s = 2*g - 967. List the prime factors of g.
2, 61
Let p(i) = -i - 4. Let v be p(-2). Let x be (18/(-15) - 0)*350/105. What are the prime factors of x/((-1)/(-24)*v)?
2, 3
Let r be 0 + (10 - -2)/4. Suppose 60 - 228 = -4*t - 4*p, r*t - 147 = 4*p. What are the prime factors of (-64)/(-6)*t/20?
2, 3
Suppose 31574 = 18*h + 11090. List the prime factors of h.
2, 569
Let o be (2 - 5)*(-42)/9. Let d(j) = 11*j - 27. Let y(w) = -5*w + 14. Let q(l) = -2*d(l) - 5*y(l). List the prime factors of q(o).
2, 13
Let w be (7 - -1)/(6/15). List the prime factors of -4*((-225)/w - 2).
53
Let s = 630 + -244. What are the prime factors of s?
2, 193
Suppose -130 = h - 233. What are the prime factors of h?
103
Let q(y) = 500*y - 621. What are the prime factors of q(5)?
1879
Suppose 2*i + 24 = 3*i. Suppose 5*n + 5*b + 10 = 0, b = 3*n - 5*n. List the prime factors of i/9 - n/3.
2
Suppose -2*a + 5 - 19 = 0. Let n(u) = 4*u**2 + 6*u + 12. Let r(w) = -11*w**2 - 18*w - 35. Let j(l) = -8*n(l) - 3*r(l). List the prime factors of j(a).
2
Let x(h) = -2*h - 2. Let w be x(-6). List the prime factors of (108/14)/(w/70).
2, 3
Suppose -18*t + 37332 + 59112 = 0. What are the prime factors of t?
2, 3, 19, 47
Suppose 4*r = 127 + 101. Let d = -1 + r. List the prime factors of d.
2, 7
Let b(v) = -8*v**2 - 6*v + v**3 - v**3 + 7 + v**